{"id":835,"date":"2021-03-10T16:52:40","date_gmt":"2021-03-10T16:52:40","guid":{"rendered":"http:\/\/klimper.cl\/?post_type=product&#038;p=835"},"modified":"2021-08-04T13:01:25","modified_gmt":"2021-08-04T13:01:25","slug":"desincrustante-5l","status":"publish","type":"product","link":"https:\/\/klimper.cl\/?product=desincrustante-5l","title":{"rendered":"Desincrustante 5L"},"content":{"rendered":"<p>Marca: Klim<br \/>\nEnvase: Bidon 5Lts<br \/>\nAspecto: L\u00edquido amarillo<br \/>\nDuracion: 12 Meses en condiciones normales<br \/>\nAlmacenamiento: Mantener en un lugar seco y en envase bien sellado.<\/p>\n","protected":false},"excerpt":{"rendered":"<p>Limpiador \u00e1cido, que limpia y desincrusta a la vez, penetra las superficies permitiendo una limpieza r\u00e1pida y efectiva en WC, urinarios, salas de ba\u00f1os, duchas camarines y otras \u00e1reas.<br \/>\nEs un limpiador con caracter\u00edsticas desinfectante<br \/>\nFormulado en base a \u00e1cido que act\u00faa, limpiando superficies verticales lisas, eliminando sarro, incrustaciones de jab\u00f3n, grasa corporal y sales diversas.<\/p>\n","protected":false},"featured_media":856,"template":"","meta":{"_joinchat":[]},"product_brand":[],"product_cat":[30],"product_tag":[],"class_list":{"0":"post-835","1":"product","2":"type-product","3":"status-publish","4":"has-post-thumbnail","6":"product_cat-bano","8":"first","9":"instock","10":"shipping-taxable","11":"product-type-simple"},"_links":{"self":[{"href":"https:\/\/klimper.cl\/index.php?rest_route=\/wp\/v2\/product\/835","targetHints":{"allow":["GET"]}}],"collection":[{"href":"https:\/\/klimper.cl\/index.php?rest_route=\/wp\/v2\/product"}],"about":[{"href":"https:\/\/klimper.cl\/index.php?rest_route=\/wp\/v2\/types\/product"}],"wp:featuredmedia":[{"embeddable":true,"href":"https:\/\/klimper.cl\/index.php?rest_route=\/wp\/v2\/media\/856"}],"wp:attachment":[{"href":"https:\/\/klimper.cl\/index.php?rest_route=%2Fwp%2Fv2%2Fmedia&parent=835"}],"wp:term":[{"taxonomy":"product_brand","embeddable":true,"href":"https:\/\/klimper.cl\/index.php?rest_route=%2Fwp%2Fv2%2Fproduct_brand&post=835"},{"taxonomy":"product_cat","embeddable":true,"href":"https:\/\/klimper.cl\/index.php?rest_route=%2Fwp%2Fv2%2Fproduct_cat&post=835"},{"taxonomy":"product_tag","embeddable":true,"href":"https:\/\/klimper.cl\/index.php?rest_route=%2Fwp%2Fv2%2Fproduct_tag&post=835"}],"curies":[{"name":"wp","href":"https:\/\/api.w.org\/{rel}","templated":true}]}}